dea
bb3b7a (base 13) to base 8
20637241
What is 3542c5 (base 14) in base 8?
6735005
-a456dc (base 14) to base 2
-10101001010001111110010
-5400b (base 16) to base 9
-573875
Convert 101022111112 (base 3) to base 9.
338445
What is 32335 (base 14) in base 10?
121371
What is -2358776 (base 9) in base 10?
-1279302
What is 10677a (base 13) in base 3?
201121011101
What is -11010010110010100011011 (base 2) in base 3?
-110222220211212
-491918 (base 12) to base 8
-4412344
-211435 (base 7) to base 12
-19204
20022011122 (base 3) to base 6
2354155
33a50 (base 14) to base 16
1ea46
Convert 25436567 (base 8) to base 16.
563d77
30301013 (base 4) to base 10
52295
What is -571b11 (base 15) in base 7?
-50222605
What is 50122 (base 8) in base 7?
113643
What is -1504577 (base 8) in base 3?
-210202200020
What is -61122115 (base 7) in base 3?
-100120011011221
Convert -3222313330 (base 4) to base 16.
-eadfc
Convert -78c4 (base 14) to base 5.
-1132243
Convert 14544507 (base 9) to base 5.
3322433200
Convert -75290 (base 13) to base 11.
-134892
What is -2017140 (base 10) in base 8?
-7543564
-4372184 (base 9) to base 14
-452817
Convert 53462031 (base 7) to base 3.
22120022112210
Convert 16042751 (base 10) to base 6.
1331503555
13023102003 (base 4) to base 5
440144334
998bb (base 12) to base 16
31acf
Convert -3225355 (base 7) to base 3.
-201222110101
Convert -1122222112 (base 3) to base 11.
-22701
What is 7713234 (base 9) in base 11?
237a252
Convert -17b857 (base 12) to base 4.
-1211020003
-10110003031 (base 4) to base 5
-242140301
What is -33210203 (base 7) in base 8?
-12721254
What is 228cb (base 15) in base 9?
176782
Convert -111002110022 (base 4) to base 13.
-11b102a
Convert -54144253 (base 6) to base 7.
-16413255
-35724 (base 16) to base 5
-24001131
10200112220021 (base 3) to base 8
7363066
15955c (base 13) to base 11
335886
-1000011101111111001010 (base 2) to base 3
-11011210020102
What is -101011101000101110000 (base 2) in base 8?
-5350560
Convert 3439929 (base 11) to base 12.
2021519
-a9bd9 (base 15) to base 6
-15320440
What is 11614220 (base 7) in base 11?
6548a6
What is -10110010001100000011 (base 2) in base 15?
-e63c4
1256341 (base 9) to base 14
13c514
What is 1201020121022 (base 3) in base 10?
910232
-21321323132 (base 4) to base 12
-a52792
What is -302022333 (base 4) in base 12?
-9ab13
What is -30012222100 (base 4) in base 2?
-1100000110101010010000
38f66 (base 16) to base 11
14a328
What is -1030120022 (base 4) in base 10?
-312842
What is 10021111 (base 6) in base 14?
750b1
-80315 (base 13) to base 6
-4524125
Convert -40b875 (base 12) to base 16.
-f7f19
Convert -634916 (base 12) to base 15.
-20d386
122126a (base 11) to base 8
10065462
-2b079 (base 15) to base 9
-230866
Convert -f29cc (base 16) to base 3.
-1212111011012
-18663 (base 14) to base 12
-2b7bb
What is -65138 (base 9) in base 10?
-43127
What is 23064 (base 15) in base 10?
111469
-92101 (base 13) to base 7
-2136502
Convert -703152 (base 8) to base 3.
-102201220020
Convert -192a8b8 (base 12) to base 9.
-10845325
Convert -57c92 (base 14) to base 13.
-763b9
-9411647 (base 11) to base 6
-1351523002
What is -1135514 (base 10) in base 16?
-11539a
Convert 101121210313 (base 4) to base 14.
86a367
What is -70565413 (base 8) in base 4?
-320232230023
What is -2003255 (base 9) in base 12?
-434595
206cd (base 15) to base 16
19189
116563 (base 8) to base 6
510335
Convert -1210210131 (base 4) to base 3.
-202221001210
Convert c36b29 (base 13) to base 14.
868643
Convert 329a3 (base 15) to base 12.
79083
101001000010101110 (base 2) to base 13
5b697
Convert -142172 (base 8) to base 5.
-3102143
13dca (base 14) to base 4
30003132
Convert 3153a (base 13) to base 9.
144687
What is -168613 (base 15) in base 5?
-234411433
Convert 11111000110100000001001 (base 2) to base 14.
1123361
Convert -1048630 (base 12) to base 3.
-12210122222100
What is -add36c (base 14) in base 4?
-112203312110
What is -40254 (base 8) in base 15?
-4d8b
Convert 1ab87 (base 15) to base 14.
239a9
Convert 313b93 (base 14) to base 3.
10010110101120
Convert 27747 (base 12) to base 8.
152547
Convert -25688430 (base 9) to base 8.
-60147714
What is 117006 (base 9) in base 4?
101100333
1621003 (base 7) to base 16
36997
841463 (base 15) to base 12
212b410
What is -911469 (base 10) in base 9?
-1638263
What is 10001000111001011 (base 2) in base 5?
4220331
What is -1973e (base 15) in base 13?
-2b7c6
-2179385 (base 11) to base 14
-715b27
12011314403 (base 5) to base 16
d23564
556658 (base 11) to base 15
127d40
Convert -101010101111000 (base 2) to base 16.
-5578
What is 5b901 (base 12) in base 7?
1024321
24472c (base 16) to base 2
1001000100011100101100
-8544092 (base 11) to base 3
-1001022012101012
Convert 2612264 (base 13) to base 11.
67a8802
Convert 1010151 (base 7) to base 15.
258e0
-17461083 (base 9) to base 2
-100001011111011010011110
Convert -2963e (base 16) to base 15.
-35374
Convert 29490 (base 10) to base 13.
10566
1010100111100101100111 (base 2) to base 9
5212328
-119a0d7 (base 15) to base 16
-c0dd59
3ab992 (base 13) to base 11
893934
What is 3466 (base 7) in base 4?
103321
What is -757337 (base 8) in base 13?
-8b5c7
-646581 (base 9) to base 13
-106555
What is 1002010102 (base 3) in base 4?
11023301
What is 1111001101010000011 (base 2) in base 16?
79a83
-31121554 (base 7) to base 8
-11752522
10011101010100001111 (base 2) to base 11
400139
51aab (base 15) to base 6
5314355
What is 84bd09 (base 14) in base 15?
5da117
-40328 (base 13) to base 15
-24025
10001022 (base 6) to base 13
9a6a3
What is 1022012002000 (base 3) in base 8?
2510574
11111100110101001011 (base 2) to base 13
2a34a2
What is -6485236 (base 9) in base 14?
-668910
21422042 (base 6) to base 7
5305610
Convert 101102220101 (base 3) to base 5.
23034012
What is -324313 (base 10) in base 16?
-4f2d9
Convert -3b71a89 (base 12) to base 4.
-231023133021
40ca1e (base 16) to base 13
b5886c
Convert -87614 (base 11) to base 12.
-6172a
10221201 (base 6) to base 16
48d81
Convert 1e42d8 (base 15) to base 5.
334413103
12100133020 (base 4) to base 6
55054224
15763 (base 10) to base 13
7237
-a7238 (base 12) to base 6
-4413312
Convert -1024213 (base 8) to base 15.
-55b33
What is 3f985 (base 16) in base 14?
6ad01
What is d348 (base 15) in base 5?
2411433
What is -14430022 (base 6) in base 13?
-1473b0
What is 11304701 (base 9) in base 16?
53d901
21210102021221 (base 3) to base 7
50126551
Convert 566618 (base 10) to base 16.
8a55a
What is -1257404 (base 8) in base 15?
-6e46e
What is -134970a (base 11) in base 9?
-4334741
435bd (base 14) to base 15
33498
-2245424 (base 6) to base 14
-3002c
Convert 1211022010021 (base 3) to base 10.
970387
What is 280a57 (base 12) in base 7?
5436643
Convert -52523412 (base 6) to base 3.
-2212222222122
Convert -127b2 (base 12) to base 2.
-110001011110110
Convert -45121204 (base 6) to base 11.
-851613
What is -2304640 (base 7) in base 12?
-11a3b1
Convert 13356402 (base 7) to base 13.
345c2a
Convert 1000100101001110100 (base 2) to base 9.
467658
28c0e9 (base 15) to base 2
111011111100110110101
Convert -656263 (base 7) to base 2.
-11100000101101000
-316b4e (base 15) to base 3
-11102110201102
Convert 25ca0 (base 15) to base 10.
120975
5221260 (base 10) to base 11
2a468a0
-13411310 (base 6) to base 3
-211222220020
Convert -3b234 (base 14) to base 11.
-9a65a
What is 754111 (base 8) in base 3?
110210122111
What is -21120101122 (base 3) in base 5?
-14232003
What is -650870 (base 9) in base 10?
-387810
Convert 20121212201 (base 3) to base 15.
28987
-100112001120 (base 3) to base 15
-3a7d0
-2065a6 (base 14) to base 6
-35233142
What is -4130343 (base 5) in base 10?
-67598
Convert 4001413210 (base 5) to base 8.
35723620
Convert -10331233 (base 5) to base 15.
-1b813
-2221442 (base 10) to base 16
-21e582
-1000011001111100 (base 2) to base 5
-2100203
What is -3715253 (base 8) in base 4?
-3321222223
Convert 145849 (base 10) to base 3.
21102001211
26dff6 (base 16) to base 10
2547702
What is 10000100000100001110111 (base 2) in base 6?
232430531
Convert 200020020011 (base 3) to base 6.
11405134
111332301 (base 4) to base 12
44129
Convert 607329 (base 13) to base 11.
12a2789
Convert -11000111001100001110 (base 2) to base 14.
-173498
Convert 12022012202011 (base 3) to base 10.
2818858
Convert 185919 (base 1